 - (10 + 30)/(-10)). What is the highest common factor of d and 58?
29
Suppose -f = -3*r - 2044, -35*f + 36*f = -r + 2052. What is the highest common factor of f and 164?
82
Let a = -2098 + 2497. Calculate the greatest common divisor of a and 285.
57
Suppose 4*s + 6 = -10, -f - s - 19 = 0. Let x = 28 + f. Suppose -5*b = -4*g - 150, -4*g = 3*b - 8*g - 98. Calculate the highest common factor of b and x.
13
Let a(k) = k + 62. Let g be a(-16). Let x = g + -39. Calculate the greatest common divisor of x and 5.
1
Suppose -63*h = -6450 + 1536. Let w be (-2)/(-8) - 284/(-16). Calculate the greatest common factor of w and h.
6
Suppose -25303 - 32713 = -196*o. Let s be (117/(-6) + 1)*-2. Calculate the greatest common factor of o and s.
37
Let i(g) = -g**2 + 9*g + 4. Let a be i(9). Suppose -a*f + 6 = -6*f, 61 = -2*h + 3*f. Let y = 59 + h. Calculate the greatest common factor of 36 and y.
12
Let k = -8299 + 8308. Suppose -4*d = 3*y - 111, 2*d - 6*d + 2*y + 106 = 0. Let q be d + (3/3 - 1). Calculate the greatest common divisor of q and k.
9
Let k(p) = -35*p - 325. Let a(t) = 18*t + 163. Let x(z) = -11*a(z) - 6*k(z). Let q be x(-11). What is the highest common divisor of 75 and q?
25
Suppose b - 4 = -3. Let w be 23 - (-2 + b)*1. Suppose 142263*i - 142245*i - 864 = 0. What is the greatest common divisor of w and i?
24
Suppose 0 = -r + 1, 47 = z - 3*r - 42. Suppose -750*s + 34020 = 139*s + 716*s - 390*s. What is the highest common divisor of s and z?
4
Suppose -60*b + 63*b = 3*n - 75, -5*b - 85 = -3*n. What is the highest common factor of n and 90?
10
Suppose 98 = 5*o - 82. Let v(i) = i**3 + 30*i**2 - 2*i - 75. Let m be v(-30). Let n = m - -69. What is the highest common divisor of n and o?
18
Suppose -k + 4*v - 34 + 96 = 0, -5*v = 2*k - 189. Suppose 9*h - 116 - k = 0. Calculate the highest common factor of h and 11.
11
Let o be 2/8 - (-7)/4. Suppose 2 = -2*k - 2*k - 2*x, 5*k + 22 = 4*x. Let b be k/(-5 - (-104)/24). Calculate the highest common factor of b and o.
1
Let f(m) = 6*m**2 + 7*m - 4. Let y be f(-10). Suppose 0 = -9*q + y + 266. What is the greatest common divisor of q and 11?
11
Let s = 104 + -62. Let j = -246 + -56. Let d = j - -407. Calculate the greatest common factor of s and d.
21
Suppose -10 = 2*v - 2, -m - 2*v = -888. Suppose 821*g + 84 = 824*g. What is the greatest common divisor of g and m?
28
Suppose -28*n - 14*n = -1675 + 205. Calculate the highest common divisor of 217 and n.
7
Suppose -548 = 77*w + 43*w - 5588. What is the greatest common divisor of 784 and w?
14
Suppose 0*j = 5*j - 530. Suppose -17*y + 10058 = -2556. Calculate the highest common divisor of y and j.
106
Suppose -272*x + 5280 = -212*x. Calculate the highest common factor of x and 4224.
88
Let v(p) = p**3 - 3*p**2 + 5*p - 1. Let y be v(4). Suppose 59*l - 602 + 77 = 65. Calculate the highest common factor of l and y.
5
Let k be 2163502/121 + 42/(-231). What is the highest common factor of k and 600?
120
Suppose 31*d - 4 = 32*d. Let k(v) = -1 + 5*v + 1 + 7*v**2 - 2. Let f be k(d). What is the highest common divisor of f and 10?
10
Suppose 5*g - 147 - 143 = -5*s, 5*s = -2*g + 119. What is the greatest common factor of g and 51?
3
Suppose y - 203 = 4*u - u, -2*y = -u - 61. Let x = 245 - 96. Let n = u + x. What is the highest common factor of 10 and n?
10
Let a = 36011 + -25523. Calculate the highest common divisor of a and 46.
46
Let s = 24 + -47. Let y = 26 + s. Suppose 6*q + 733 = 3*w + 4*q, 0 = y*q + 6. What is the highest common divisor of 27 and w?
27
Let d = -2947 - -4336. Suppose -4 = -3*m - 10, d = 5*r + 3*m. Calculate the highest common factor of 155 and r.
31
Let l = -2425 - -2461. Suppose 0*b - b + 47 = q, 1 = -q. Calculate the greatest common factor of b and l.
12
Let m = -78 - -53. Suppose -219*l + 267 = -222*l. Let w = m - l. Calculate the greatest common factor of w and 32.
32
Let b(l) = 67*l**2 + l. Let j be b(-1). Let q = 8662 + -8134. Calculate the highest common divisor of j and q.
66
Suppose -22*o - 44*o + 618750 = 0. What is the greatest common divisor of 15 and o?
15
Suppose -z - 5477 = -2*w, w - 2752 = 44*z - 39*z. What is the greatest common factor of 34 and w?
17
Suppose 67*l - 80623 - 27801 = 55056. What is the greatest common divisor of 10 and l?
10
Let d(l) = -47*l**2 + 29*l + 59. Let q(b) = -17*b**2 + 10*b + 20. Let v(y) = 4*d(y) - 11*q(y). Let u be v(7). Calculate the highest common factor of u and 414.
9
Suppose 0 = 5*v - 2*o - 35, 4951*v - 4947*v + 3*o - 74 = 0. Suppose -y = y + 40. Let q = y + 42. Calculate the greatest common factor of v and q.
11
Let q = -930 + 2937. Calculate the greatest common divisor of q and 9.
9
Let f be 2 - 4/((-8)/158). Let w = 107 - 111. Let h(k) = -k**2 - 10*k + 3. Let u be h(w). What is the highest common divisor of f and u?
27
Let z = -12 - 13. Let i = -4 - z. Suppose 61*u - 693 = -38*u. Calculate the greatest common divisor of u and i.
7
Let j be (1 - (-2)/(-2)) + (4 - 2). Suppose 0 = -2*d - 3*u + 37, 52 = 3*d - u + j*u. What is the highest common factor of 85 and d?
17
Suppose 4*h + 4*m = 1792, 119 - 1473 = -3*h - m. Calculate the greatest common factor of h and 1963.
151
Let s(n) = -n**2 + 10*n + 42. Let j be s(11). Suppose 27*h = j*h - 1116. Calculate the greatest common divisor of h and 31.
31
Suppose 6 = 2*p - 30. Let u = -13 + 21. Let i = u + p. What is the greatest common divisor of 39 and i?
13
Let d = -5266 - -5290. What is the greatest common divisor of 7416 and d?
24
Suppose -5*i + 5326 = -3*j, -2*i = -3*i + 7*j + 1078. Calculate the greatest common divisor of 399 and i.
133
Let s(t) = 296*t - 9352. Let w be s(32). Calculate the greatest common divisor of 27660 and w.
60
Suppose -4*u + u - 10*d + 5059 = 0, 2*d - 3368 = -2*u. What is the greatest common factor of u and 132?
33
Suppose -19*k = -18*k + 149. Let o = 165 + k. What is the greatest common divisor of o and 112?
16
Let o be 7/(-1) + (43 - (-22 + (26 - 18))). Let j(m) = -109*m - 4. Let u be j(-6). Calculate the greatest common factor of o and u.
50
Let y = -372 - -71. Let r = -262 - y. Calculate the greatest common divisor of r and 9.
3
Suppose 6*z - 2*z = 3*g - 111, -3*z = 2*g - 91. Let a(f) = 111*f + 36. Let q be a(3). Calculate the highest common factor of q and g.
41
Suppose -3*b - 4*x = -33, b = 2*b + 4*x - 19. Suppose v + 0 = 2*k + 4, 2*v = 3*k + b. Suppose -d + 36 = d. Calculate the greatest common divisor of d and v.
2
Suppose -2*i = -3 - 3. Suppose -2*d = -5*m + 188, -5*m + 3*d + 184 = 2*d. Suppose 4*b - m = b. What is the greatest common factor of i and b?
3
Let n = -27 - -45. Suppose 8*r + 0*r = -3*r. Suppose r = -22*m + 16*m + 108. Calculate the greatest common factor of m and n.
18
Let h(f) = 2*f**2 - 9*f - 263. Let s be h(14). Calculate the highest common factor of 669 and s.
3
Let y = -7 + -386. Let v = -140 - y. Let r be (-2)/(-2 - 2)*46. Calculate the greatest common divisor of r and v.
23
Suppose 7812 = -36*o + 78*o. Calculate the highest common factor of o and 48.
6
Let u = 75 + -70. Suppose -5*d = -5*j + 5, 5*j = 3*d + u + 8. Let w be j*(-1)/1 + 10. Calculate the highest common divisor of 15 and w.
5
Let l(y) = y**2 - 2*y - 12. Let c be l(6). Suppose 9*r - 4*u + 97 = 12*r, -2*u - 46 = -2*r. Calculate the highest common factor of r and c.
3
Let i be 21/84 + 54/8. Let y be ((-234)/i)/(-1 - 44/(-56)). Calculate the highest common divisor of 104 and y.
52
Suppose -18400 - 4223 = -337*h - 4425. Let l = 3 + -9. Let n be (-105)/(-6) - 3/l. Calculate the highest common factor of h and n.
18
Let o be -1 - (7000/1)/(-7). Let d be 12/28 - o/(-21). Calculate the greatest common divisor of 80 and d.
16
Suppose -3*l + 19 = -4*k, 18 = -0*l + 4*l + 2*k. Let h(o) = -o**2 - 6*o + 6. Let w be h(l). Let j = -21 - w. Calculate the highest common divisor of 252 and j.
28
Let n(i) = -2*i - 6. Let h be n(0). Let p be (h/(-10))/((-1)/(-5)). Let k be 4*(1 - 6/8). Calculate the greatest common divisor of k and p.
1
Let p(v) = v**3 + v**2 + 3*v + 1. Let w be p(2). Suppose -w*d + 14*d + 95 = 0. Let f = 170 - 113. Calculate the highest common divisor of d and f.
19
Suppose -42*u - 22*u + 206712 = 8*u. What is the highest common factor of 297 and u?
99
Let r(m) = -4*m**3 + 2*m**2 + 6. Let k be r(2). Let w be ((-27)/k)/((-1)/(-208)). What is the highe